{"id":397,"date":"2020-11-24T00:04:45","date_gmt":"2020-11-23T23:04:45","guid":{"rendered":"http:\/\/accueillette.fr\/?page_id=397"},"modified":"2024-10-16T11:27:06","modified_gmt":"2024-10-16T09:27:06","slug":"idees-cadeaux","status":"publish","type":"page","link":"https:\/\/accueillette.fr\/index.php\/idees-cadeaux\/","title":{"rendered":"Id\u00e9es cadeaux"},"content":{"rendered":"\t\t<div data-elementor-type=\"wp-page\" data-elementor-id=\"397\" class=\"elementor elementor-397\">\n\t\t\t\t<div class=\"elementor-element elementor-element-20bd220 e-flex e-con-boxed elementor-invisible e-con e-parent\" data-id=\"20bd220\" data-element_type=\"container\" data-settings=\"{&quot;background_background&quot;:&quot;classic&quot;,&quot;animation&quot;:&quot;fadeInDown&quot;}\">\n\t\t\t\t\t<div class=\"e-con-inner\">\n\t\t\t\t<div class=\"elementor-element elementor-element-2292bbb elementor-widget elementor-widget-heading\" data-id=\"2292bbb\" data-element_type=\"widget\" data-widget_type=\"heading.default\">\n\t\t\t\t<div class=\"elementor-widget-container\">\n\t\t\t\t\t<h2 class=\"elementor-heading-title elementor-size-default\">MES ID\u00c9ES DE CADEAUX<\/h2>\t\t\t\t<\/div>\n\t\t\t\t<\/div>\n\t\t\t\t<div class=\"elementor-element elementor-element-b38789e elementor-widget-divider--view-line elementor-widget elementor-widget-divider\" data-id=\"b38789e\" data-element_type=\"widget\" data-widget_type=\"divider.default\">\n\t\t\t\t<div class=\"elementor-widget-container\">\n\t\t\t\t\t\t\t<div class=\"elementor-divider\">\n\t\t\t<span class=\"elementor-divider-separator\">\n\t\t\t\t\t\t<\/span>\n\t\t<\/div>\n\t\t\t\t\t\t<\/div>\n\t\t\t\t<\/div>\n\t\t\t\t<div class=\"elementor-element elementor-element-9920475 elementor-widget elementor-widget-text-editor\" data-id=\"9920475\" data-element_type=\"widget\" data-widget_type=\"text-editor.default\">\n\t\t\t\t<div class=\"elementor-widget-container\">\n\t\t\t\t\t\t\t\t\t<p class=\"has-text-color has-medium-font-size\">L\u2019Accueillette des Pens\u00e9es vous propose des assortiments <br \/>de produits \u00e0 partir de 6,50\u20ac. <br \/>Vous avez aussi la possibilit\u00e9 de composer vous m\u00eame votre coffret.<\/p>\t\t\t\t\t\t\t\t<\/div>\n\t\t\t\t<\/div>\n\t\t\t\t\t<\/div>\n\t\t\t\t<\/div>\n\t\t<div class=\"elementor-element elementor-element-5291eb7 e-flex e-con-boxed elementor-invisible e-con e-parent\" data-id=\"5291eb7\" data-element_type=\"container\" data-settings=\"{&quot;animation&quot;:&quot;bounceInUp&quot;}\">\n\t\t\t\t\t<div class=\"e-con-inner\">\n\t\t<div class=\"elementor-element elementor-element-e133e4b e-con-full e-flex e-con e-child\" data-id=\"e133e4b\" data-element_type=\"container\" data-settings=\"{&quot;background_background&quot;:&quot;classic&quot;}\">\n\t\t\t\t<div class=\"elementor-element elementor-element-6cd6beb elementor-widget elementor-widget-image\" data-id=\"6cd6beb\" data-element_type=\"widget\" data-widget_type=\"image.default\">\n\t\t\t\t<div class=\"elementor-widget-container\">\n\t\t\t\t\t\t\t\t\t\t\t\t\t\t\t<img fetchpriority=\"high\" decoding=\"async\" width=\"740\" height=\"987\" src=\"https:\/\/accueillette.fr\/wp-content\/uploads\/2020\/11\/sirop-petite-coing-tisane-15-810x1080.jpg\" class=\"attachment-large size-large wp-image-399\" alt=\"\" srcset=\"https:\/\/accueillette.fr\/wp-content\/uploads\/2020\/11\/sirop-petite-coing-tisane-15-810x1080.jpg 810w, https:\/\/accueillette.fr\/wp-content\/uploads\/2020\/11\/sirop-petite-coing-tisane-15-225x300.jpg 225w, https:\/\/accueillette.fr\/wp-content\/uploads\/2020\/11\/sirop-petite-coing-tisane-15-768x1024.jpg 768w, https:\/\/accueillette.fr\/wp-content\/uploads\/2020\/11\/sirop-petite-coing-tisane-15-1152x1536.jpg 1152w, https:\/\/accueillette.fr\/wp-content\/uploads\/2020\/11\/sirop-petite-coing-tisane-15.jpg 1536w\" sizes=\"100vw\" \/>\t\t\t\t\t\t\t\t\t\t\t\t\t\t\t<\/div>\n\t\t\t\t<\/div>\n\t\t\t\t<div class=\"elementor-element elementor-element-0a618ad elementor-widget elementor-widget-heading\" data-id=\"0a618ad\" data-element_type=\"widget\" data-widget_type=\"heading.default\">\n\t\t\t\t<div class=\"elementor-widget-container\">\n\t\t\t\t\t<h2 class=\"elementor-heading-title elementor-size-default\">PETITE VITRINE DE NO\u00cbL<\/h2>\t\t\t\t<\/div>\n\t\t\t\t<\/div>\n\t\t\t\t<div class=\"elementor-element elementor-element-df0afc2 elementor-widget elementor-widget-text-editor\" data-id=\"df0afc2\" data-element_type=\"widget\" data-widget_type=\"text-editor.default\">\n\t\t\t\t<div class=\"elementor-widget-container\">\n\t\t\t\t\t\t\t\t\t<p>Une tisane, un sirop, une gel\u00e9e coing\/gingembre<\/p>\t\t\t\t\t\t\t\t<\/div>\n\t\t\t\t<\/div>\n\t\t\t\t<div class=\"elementor-element elementor-element-43010e2 elementor-widget elementor-widget-button\" data-id=\"43010e2\" data-element_type=\"widget\" data-widget_type=\"button.default\">\n\t\t\t\t<div class=\"elementor-widget-container\">\n\t\t\t\t\t\t\t\t\t<div class=\"elementor-button-wrapper\">\n\t\t\t\t\t<a class=\"elementor-button elementor-size-sm\" role=\"button\">\n\t\t\t\t\t\t<span class=\"elementor-button-content-wrapper\">\n\t\t\t\t\t\t\t\t\t<span class=\"elementor-button-text\">15\u20ac<\/span>\n\t\t\t\t\t<\/span>\n\t\t\t\t\t<\/a>\n\t\t\t\t<\/div>\n\t\t\t\t\t\t\t\t<\/div>\n\t\t\t\t<\/div>\n\t\t\t\t<\/div>\n\t\t<div class=\"elementor-element elementor-element-7db1860 e-con-full e-flex e-con e-child\" data-id=\"7db1860\" data-element_type=\"container\" data-settings=\"{&quot;background_background&quot;:&quot;classic&quot;}\">\n\t\t\t\t<div class=\"elementor-element elementor-element-1829a9e elementor-widget elementor-widget-image\" data-id=\"1829a9e\" data-element_type=\"widget\" data-widget_type=\"image.default\">\n\t\t\t\t<div class=\"elementor-widget-container\">\n\t\t\t\t\t\t\t\t\t\t\t\t\t\t\t<img decoding=\"async\" width=\"740\" height=\"878\" src=\"https:\/\/accueillette.fr\/wp-content\/uploads\/2020\/11\/tisane-1-grosse-confiot-11-910x1080.jpg\" class=\"attachment-large size-large wp-image-400\" alt=\"\" srcset=\"https:\/\/accueillette.fr\/wp-content\/uploads\/2020\/11\/tisane-1-grosse-confiot-11-910x1080.jpg 910w, https:\/\/accueillette.fr\/wp-content\/uploads\/2020\/11\/tisane-1-grosse-confiot-11-253x300.jpg 253w, https:\/\/accueillette.fr\/wp-content\/uploads\/2020\/11\/tisane-1-grosse-confiot-11-768x911.jpg 768w, https:\/\/accueillette.fr\/wp-content\/uploads\/2020\/11\/tisane-1-grosse-confiot-11-1295x1536.jpg 1295w, https:\/\/accueillette.fr\/wp-content\/uploads\/2020\/11\/tisane-1-grosse-confiot-11.jpg 1726w\" sizes=\"100vw\" \/>\t\t\t\t\t\t\t\t\t\t\t\t\t\t\t<\/div>\n\t\t\t\t<\/div>\n\t\t\t\t<div class=\"elementor-element elementor-element-6947c4b elementor-widget elementor-widget-heading\" data-id=\"6947c4b\" data-element_type=\"widget\" data-widget_type=\"heading.default\">\n\t\t\t\t<div class=\"elementor-widget-container\">\n\t\t\t\t\t<h2 class=\"elementor-heading-title elementor-size-default\">PETITE VITRINE DE NO\u00cbL<\/h2>\t\t\t\t<\/div>\n\t\t\t\t<\/div>\n\t\t\t\t<div class=\"elementor-element elementor-element-66af8ee elementor-widget elementor-widget-text-editor\" data-id=\"66af8ee\" data-element_type=\"widget\" data-widget_type=\"text-editor.default\">\n\t\t\t\t<div class=\"elementor-widget-container\">\n\t\t\t\t\t\t\t\t\t<p>Une tisane, une gel\u00e9e coing\/gingembre<\/p>\t\t\t\t\t\t\t\t<\/div>\n\t\t\t\t<\/div>\n\t\t\t\t<div class=\"elementor-element elementor-element-5eb01b7 elementor-widget elementor-widget-button\" data-id=\"5eb01b7\" data-element_type=\"widget\" data-widget_type=\"button.default\">\n\t\t\t\t<div class=\"elementor-widget-container\">\n\t\t\t\t\t\t\t\t\t<div class=\"elementor-button-wrapper\">\n\t\t\t\t\t<a class=\"elementor-button elementor-button-link elementor-size-sm\" href=\"#\">\n\t\t\t\t\t\t<span class=\"elementor-button-content-wrapper\">\n\t\t\t\t\t\t\t\t\t<span class=\"elementor-button-text\">11\u20ac<\/span>\n\t\t\t\t\t<\/span>\n\t\t\t\t\t<\/a>\n\t\t\t\t<\/div>\n\t\t\t\t\t\t\t\t<\/div>\n\t\t\t\t<\/div>\n\t\t\t\t<\/div>\n\t\t<div class=\"elementor-element elementor-element-496f8a3 e-con-full e-flex e-con e-child\" data-id=\"496f8a3\" data-element_type=\"container\" data-settings=\"{&quot;background_background&quot;:&quot;classic&quot;}\">\n\t\t\t\t<div class=\"elementor-element elementor-element-9d7b246 elementor-widget elementor-widget-image\" data-id=\"9d7b246\" data-element_type=\"widget\" data-widget_type=\"image.default\">\n\t\t\t\t<div class=\"elementor-widget-container\">\n\t\t\t\t\t\t\t\t\t\t\t\t\t\t\t<img decoding=\"async\" width=\"740\" height=\"987\" src=\"https:\/\/accueillette.fr\/wp-content\/uploads\/2020\/11\/sel-sucre-8-810x1080.jpg\" class=\"attachment-large size-large wp-image-401\" alt=\"\" srcset=\"https:\/\/accueillette.fr\/wp-content\/uploads\/2020\/11\/sel-sucre-8-810x1080.jpg 810w, https:\/\/accueillette.fr\/wp-content\/uploads\/2020\/11\/sel-sucre-8-225x300.jpg 225w, https:\/\/accueillette.fr\/wp-content\/uploads\/2020\/11\/sel-sucre-8-768x1024.jpg 768w, https:\/\/accueillette.fr\/wp-content\/uploads\/2020\/11\/sel-sucre-8-1152x1536.jpg 1152w, https:\/\/accueillette.fr\/wp-content\/uploads\/2020\/11\/sel-sucre-8.jpg 1536w\" sizes=\"100vw\" \/>\t\t\t\t\t\t\t\t\t\t\t\t\t\t\t<\/div>\n\t\t\t\t<\/div>\n\t\t\t\t<div class=\"elementor-element elementor-element-00410bf elementor-widget elementor-widget-heading\" data-id=\"00410bf\" data-element_type=\"widget\" data-widget_type=\"heading.default\">\n\t\t\t\t<div class=\"elementor-widget-container\">\n\t\t\t\t\t<h2 class=\"elementor-heading-title elementor-size-default\">SEL &amp; SUCRE<\/h2>\t\t\t\t<\/div>\n\t\t\t\t<\/div>\n\t\t\t\t<div class=\"elementor-element elementor-element-970254d elementor-widget elementor-widget-text-editor\" data-id=\"970254d\" data-element_type=\"widget\" data-widget_type=\"text-editor.default\">\n\t\t\t\t<div class=\"elementor-widget-container\">\n\t\t\t\t\t\t\t\t\t<p>Un sucre \u00e0 la fleur de mauve, un gros sel \u00e0 la sarriette<\/p>\t\t\t\t\t\t\t\t<\/div>\n\t\t\t\t<\/div>\n\t\t\t\t<div class=\"elementor-element elementor-element-efa838e elementor-widget elementor-widget-button\" data-id=\"efa838e\" data-element_type=\"widget\" data-widget_type=\"button.default\">\n\t\t\t\t<div class=\"elementor-widget-container\">\n\t\t\t\t\t\t\t\t\t<div class=\"elementor-button-wrapper\">\n\t\t\t\t\t<a class=\"elementor-button elementor-button-link elementor-size-sm\" href=\"#\">\n\t\t\t\t\t\t<span class=\"elementor-button-content-wrapper\">\n\t\t\t\t\t\t\t\t\t<span class=\"elementor-button-text\">8\u20ac <\/span>\n\t\t\t\t\t<\/span>\n\t\t\t\t\t<\/a>\n\t\t\t\t<\/div>\n\t\t\t\t\t\t\t\t<\/div>\n\t\t\t\t<\/div>\n\t\t\t\t<\/div>\n\t\t\t\t\t<\/div>\n\t\t\t\t<\/div>\n\t\t<div class=\"elementor-element elementor-element-402c05d e-flex e-con-boxed elementor-invisible e-con e-parent\" data-id=\"402c05d\" data-element_type=\"container\" data-settings=\"{&quot;animation&quot;:&quot;bounceInUp&quot;}\">\n\t\t\t\t\t<div class=\"e-con-inner\">\n\t\t<div class=\"elementor-element elementor-element-c7dea1b e-con-full e-flex e-con e-child\" data-id=\"c7dea1b\" data-element_type=\"container\" data-settings=\"{&quot;background_background&quot;:&quot;classic&quot;}\">\n\t\t\t\t<div class=\"elementor-element elementor-element-5741130 elementor-widget elementor-widget-image\" data-id=\"5741130\" data-element_type=\"widget\" data-widget_type=\"image.default\">\n\t\t\t\t<div class=\"elementor-widget-container\">\n\t\t\t\t\t\t\t\t\t\t\t\t\t\t\t<img loading=\"lazy\" decoding=\"async\" width=\"384\" height=\"480\" src=\"https:\/\/accueillette.fr\/wp-content\/uploads\/2020\/11\/christman-suger.jpg\" class=\"attachment-large size-large wp-image-402\" alt=\"\" srcset=\"https:\/\/accueillette.fr\/wp-content\/uploads\/2020\/11\/christman-suger.jpg 384w, https:\/\/accueillette.fr\/wp-content\/uploads\/2020\/11\/christman-suger-240x300.jpg 240w\" sizes=\"100vw\" \/>\t\t\t\t\t\t\t\t\t\t\t\t\t\t\t<\/div>\n\t\t\t\t<\/div>\n\t\t\t\t<div class=\"elementor-element elementor-element-58fcdb7 elementor-widget elementor-widget-heading\" data-id=\"58fcdb7\" data-element_type=\"widget\" data-widget_type=\"heading.default\">\n\t\t\t\t<div class=\"elementor-widget-container\">\n\t\t\t\t\t<h2 class=\"elementor-heading-title elementor-size-default\">CHRISTMAS SUGAR<\/h2>\t\t\t\t<\/div>\n\t\t\t\t<\/div>\n\t\t\t\t<div class=\"elementor-element elementor-element-2c03b8a elementor-widget elementor-widget-text-editor\" data-id=\"2c03b8a\" data-element_type=\"widget\" data-widget_type=\"text-editor.default\">\n\t\t\t\t<div class=\"elementor-widget-container\">\n\t\t\t\t\t\t\t\t\t<p><strong>3 tubes, 3 plantes<\/strong><\/p>\n<p>Sucre blond bio \u00e0 la fleur de mauve, \u00e0 l\u2019origan, \u00e0 la graine de berce<\/p>\t\t\t\t\t\t\t\t<\/div>\n\t\t\t\t<\/div>\n\t\t\t\t<div class=\"elementor-element elementor-element-26a10bf elementor-widget elementor-widget-button\" data-id=\"26a10bf\" data-element_type=\"widget\" data-widget_type=\"button.default\">\n\t\t\t\t<div class=\"elementor-widget-container\">\n\t\t\t\t\t\t\t\t\t<div class=\"elementor-button-wrapper\">\n\t\t\t\t\t<a class=\"elementor-button elementor-size-sm\" role=\"button\">\n\t\t\t\t\t\t<span class=\"elementor-button-content-wrapper\">\n\t\t\t\t\t\t\t\t\t<span class=\"elementor-button-text\">8\u20ac<\/span>\n\t\t\t\t\t<\/span>\n\t\t\t\t\t<\/a>\n\t\t\t\t<\/div>\n\t\t\t\t\t\t\t\t<\/div>\n\t\t\t\t<\/div>\n\t\t\t\t<\/div>\n\t\t<div class=\"elementor-element elementor-element-96b7638 e-con-full e-flex e-con e-child\" data-id=\"96b7638\" data-element_type=\"container\" data-settings=\"{&quot;background_background&quot;:&quot;classic&quot;}\">\n\t\t\t\t<div class=\"elementor-element elementor-element-75c0ba5 elementor-widget elementor-widget-image\" data-id=\"75c0ba5\" data-element_type=\"widget\" data-widget_type=\"image.default\">\n\t\t\t\t<div class=\"elementor-widget-container\">\n\t\t\t\t\t\t\t\t\t\t\t\t\t\t\t<img loading=\"lazy\" decoding=\"async\" width=\"740\" height=\"1021\" src=\"https:\/\/accueillette.fr\/wp-content\/uploads\/2020\/11\/COING-CYNO-8-783x1080.jpg\" class=\"attachment-large size-large wp-image-403\" alt=\"\" srcset=\"https:\/\/accueillette.fr\/wp-content\/uploads\/2020\/11\/COING-CYNO-8-783x1080.jpg 783w, https:\/\/accueillette.fr\/wp-content\/uploads\/2020\/11\/COING-CYNO-8-217x300.jpg 217w, https:\/\/accueillette.fr\/wp-content\/uploads\/2020\/11\/COING-CYNO-8-768x1060.jpg 768w, https:\/\/accueillette.fr\/wp-content\/uploads\/2020\/11\/COING-CYNO-8-1113x1536.jpg 1113w, https:\/\/accueillette.fr\/wp-content\/uploads\/2020\/11\/COING-CYNO-8.jpg 1484w\" sizes=\"100vw\" \/>\t\t\t\t\t\t\t\t\t\t\t\t\t\t\t<\/div>\n\t\t\t\t<\/div>\n\t\t\t\t<div class=\"elementor-element elementor-element-a8a7ede elementor-widget elementor-widget-heading\" data-id=\"a8a7ede\" data-element_type=\"widget\" data-widget_type=\"heading.default\">\n\t\t\t\t<div class=\"elementor-widget-container\">\n\t\t\t\t\t<h2 class=\"elementor-heading-title elementor-size-default\">Les Gourmandises<\/h2>\t\t\t\t<\/div>\n\t\t\t\t<\/div>\n\t\t\t\t<div class=\"elementor-element elementor-element-e41efbe elementor-widget elementor-widget-text-editor\" data-id=\"e41efbe\" data-element_type=\"widget\" data-widget_type=\"text-editor.default\">\n\t\t\t\t<div class=\"elementor-widget-container\">\n\t\t\t\t\t\t\t\t\t<p>Une gel\u00e9e de coings au gingembre, une confiture de cynorrhodons (grattes-cul)<\/p>\t\t\t\t\t\t\t\t<\/div>\n\t\t\t\t<\/div>\n\t\t\t\t<div class=\"elementor-element elementor-element-1108008 elementor-widget elementor-widget-button\" data-id=\"1108008\" data-element_type=\"widget\" data-widget_type=\"button.default\">\n\t\t\t\t<div class=\"elementor-widget-container\">\n\t\t\t\t\t\t\t\t\t<div class=\"elementor-button-wrapper\">\n\t\t\t\t\t<a class=\"elementor-button elementor-button-link elementor-size-sm\" href=\"#\">\n\t\t\t\t\t\t<span class=\"elementor-button-content-wrapper\">\n\t\t\t\t\t\t\t\t\t<span class=\"elementor-button-text\">8\u20ac<\/span>\n\t\t\t\t\t<\/span>\n\t\t\t\t\t<\/a>\n\t\t\t\t<\/div>\n\t\t\t\t\t\t\t\t<\/div>\n\t\t\t\t<\/div>\n\t\t\t\t<\/div>\n\t\t<div class=\"elementor-element elementor-element-18e2921 e-con-full e-flex e-con e-child\" data-id=\"18e2921\" data-element_type=\"container\" data-settings=\"{&quot;background_background&quot;:&quot;classic&quot;}\">\n\t\t\t\t<div class=\"elementor-element elementor-element-a066277 elementor-widget elementor-widget-image\" data-id=\"a066277\" data-element_type=\"widget\" data-widget_type=\"image.default\">\n\t\t\t\t<div class=\"elementor-widget-container\">\n\t\t\t\t\t\t\t\t\t\t\t\t\t\t\t<img loading=\"lazy\" decoding=\"async\" width=\"740\" height=\"1021\" src=\"https:\/\/accueillette.fr\/wp-content\/uploads\/2020\/11\/COING-CYNO-8-783x1080.jpg\" class=\"attachment-large size-large wp-image-403\" alt=\"\" srcset=\"https:\/\/accueillette.fr\/wp-content\/uploads\/2020\/11\/COING-CYNO-8-783x1080.jpg 783w, https:\/\/accueillette.fr\/wp-content\/uploads\/2020\/11\/COING-CYNO-8-217x300.jpg 217w, https:\/\/accueillette.fr\/wp-content\/uploads\/2020\/11\/COING-CYNO-8-768x1060.jpg 768w, https:\/\/accueillette.fr\/wp-content\/uploads\/2020\/11\/COING-CYNO-8-1113x1536.jpg 1113w, https:\/\/accueillette.fr\/wp-content\/uploads\/2020\/11\/COING-CYNO-8.jpg 1484w\" sizes=\"100vw\" \/>\t\t\t\t\t\t\t\t\t\t\t\t\t\t\t<\/div>\n\t\t\t\t<\/div>\n\t\t\t\t<div class=\"elementor-element elementor-element-882f304 elementor-widget elementor-widget-heading\" data-id=\"882f304\" data-element_type=\"widget\" data-widget_type=\"heading.default\">\n\t\t\t\t<div class=\"elementor-widget-container\">\n\t\t\t\t\t<h2 class=\"elementor-heading-title elementor-size-default\">LES CLASSIQUES<\/h2>\t\t\t\t<\/div>\n\t\t\t\t<\/div>\n\t\t\t\t<div class=\"elementor-element elementor-element-1d38be7 elementor-widget elementor-widget-text-editor\" data-id=\"1d38be7\" data-element_type=\"widget\" data-widget_type=\"text-editor.default\">\n\t\t\t\t<div class=\"elementor-widget-container\">\n\t\t\t\t\t\t\t\t\t<p>Une gel\u00e9e de coings, une gel\u00e9e de m\u00fbres<\/p>\t\t\t\t\t\t\t\t<\/div>\n\t\t\t\t<\/div>\n\t\t\t\t<div class=\"elementor-element elementor-element-d9736d2 elementor-widget elementor-widget-button\" data-id=\"d9736d2\" data-element_type=\"widget\" data-widget_type=\"button.default\">\n\t\t\t\t<div class=\"elementor-widget-container\">\n\t\t\t\t\t\t\t\t\t<div class=\"elementor-button-wrapper\">\n\t\t\t\t\t<a class=\"elementor-button elementor-button-link elementor-size-sm\" href=\"#\">\n\t\t\t\t\t\t<span class=\"elementor-button-content-wrapper\">\n\t\t\t\t\t\t\t\t\t<span class=\"elementor-button-text\">6,50\u20ac<\/span>\n\t\t\t\t\t<\/span>\n\t\t\t\t\t<\/a>\n\t\t\t\t<\/div>\n\t\t\t\t\t\t\t\t<\/div>\n\t\t\t\t<\/div>\n\t\t\t\t<\/div>\n\t\t\t\t\t<\/div>\n\t\t\t\t<\/div>\n\t\t<div class=\"elementor-element elementor-element-3305e75 e-grid e-con-boxed elementor-invisible e-con e-parent\" data-id=\"3305e75\" data-element_type=\"container\" data-settings=\"{&quot;animation&quot;:&quot;bounceInUp&quot;}\">\n\t\t\t\t\t<div class=\"e-con-inner\">\n\t\t<div class=\"elementor-element elementor-element-da4a81b e-con-full e-flex e-con e-child\" data-id=\"da4a81b\" data-element_type=\"container\">\n\t\t\t\t<div class=\"elementor-element elementor-element-169f318 elementor-widget elementor-widget-heading\" data-id=\"169f318\" data-element_type=\"widget\" data-widget_type=\"heading.default\">\n\t\t\t\t<div class=\"elementor-widget-container\">\n\t\t\t\t\t<h2 class=\"elementor-heading-title elementor-size-default\">CARTE CADEAU<\/h2>\t\t\t\t<\/div>\n\t\t\t\t<\/div>\n\t\t\t\t<div class=\"elementor-element elementor-element-d90976e elementor-widget-divider--view-line elementor-widget elementor-widget-divider\" data-id=\"d90976e\" data-element_type=\"widget\" data-widget_type=\"divider.default\">\n\t\t\t\t<div class=\"elementor-widget-container\">\n\t\t\t\t\t\t\t<div class=\"elementor-divider\">\n\t\t\t<span class=\"elementor-divider-separator\">\n\t\t\t\t\t\t<\/span>\n\t\t<\/div>\n\t\t\t\t\t\t<\/div>\n\t\t\t\t<\/div>\n\t\t\t\t<div class=\"elementor-element elementor-element-3c152af elementor-widget elementor-widget-text-editor\" data-id=\"3c152af\" data-element_type=\"widget\" data-widget_type=\"text-editor.default\">\n\t\t\t\t<div class=\"elementor-widget-container\">\n\t\t\t\t\t\t\t\t\t<p>Selon le montant que vous choisissez d\u2019offrir, la carte cadeau permet \u00e0 l\u2019heureux b\u00e9n\u00e9ficiaire de passer une nuit\u00e9e \u00e0 L\u2019Accueillette, participer \u00e0 un atelier, une sortie d\u00e9couverte de la flore ou se faire plaisir avec les produits.<\/p>\n<p>Valable 1 an (renouvelable)<\/p>\t\t\t\t\t\t\t\t<\/div>\n\t\t\t\t<\/div>\n\t\t\t\t<\/div>\n\t\t<div class=\"elementor-element elementor-element-d946110 e-con-full e-flex e-con e-child\" data-id=\"d946110\" data-element_type=\"container\">\n\t\t\t\t<div class=\"elementor-element elementor-element-1f4f8bf elementor-widget elementor-widget-image\" data-id=\"1f4f8bf\" data-element_type=\"widget\" data-widget_type=\"image.default\">\n\t\t\t\t<div class=\"elementor-widget-container\">\n\t\t\t\t\t\t\t\t\t\t\t\t\t\t\t<img loading=\"lazy\" decoding=\"async\" width=\"740\" height=\"525\" src=\"https:\/\/accueillette.fr\/wp-content\/uploads\/2020\/11\/Carte-Kdo-Noel-2020-1522x1080.jpg\" class=\"attachment-large size-large wp-image-416\" alt=\"\" srcset=\"https:\/\/accueillette.fr\/wp-content\/uploads\/2020\/11\/Carte-Kdo-Noel-2020-1522x1080.jpg 1522w, https:\/\/accueillette.fr\/wp-content\/uploads\/2020\/11\/Carte-Kdo-Noel-2020-300x213.jpg 300w, https:\/\/accueillette.fr\/wp-content\/uploads\/2020\/11\/Carte-Kdo-Noel-2020-768x545.jpg 768w, https:\/\/accueillette.fr\/wp-content\/uploads\/2020\/11\/Carte-Kdo-Noel-2020-1536x1090.jpg 1536w, https:\/\/accueillette.fr\/wp-content\/uploads\/2020\/11\/Carte-Kdo-Noel-2020.jpg 1747w\" sizes=\"100vw\" \/>\t\t\t\t\t\t\t\t\t\t\t\t\t\t\t<\/div>\n\t\t\t\t<\/div>\n\t\t\t\t<\/div>\n\t\t\t\t\t<\/div>\n\t\t\t\t<\/div>\n\t\t\t\t<\/div>\n\t\t","protected":false},"excerpt":{"rendered":"<p>MES ID\u00c9ES DE CADEAUX L\u2019Accueillette des Pens\u00e9es vous propose des assortiments de produits \u00e0 partir de 6,50\u20ac. Vous avez aussi la possibilit\u00e9 de composer vous m\u00eame votre coffret. PETITE VITRINE DE NO\u00cbL Une tisane, un sirop, une gel\u00e9e coing\/gingembre 15\u20ac PETITE VITRINE DE NO\u00cbL Une tisane, une gel\u00e9e coing\/gingembre 11\u20ac SEL &amp; SUCRE Un sucre &hellip; <\/p>\n<p class=\"link-more\"><a href=\"https:\/\/accueillette.fr\/index.php\/idees-cadeaux\/\" class=\"more-link\">Continue reading<span class=\"screen-reader-text\"> &#8220;Id\u00e9es cadeaux&#8221;<\/span><\/a><\/p>\n","protected":false},"author":1,"featured_media":0,"parent":0,"menu_order":0,"comment_status":"closed","ping_status":"closed","template":"","meta":{"footnotes":""},"class_list":["post-397","page","type-page","status-publish","hentry"],"_links":{"self":[{"href":"https:\/\/accueillette.fr\/index.php\/wp-json\/wp\/v2\/pages\/397","targetHints":{"allow":["GET"]}}],"collection":[{"href":"https:\/\/accueillette.fr\/index.php\/wp-json\/wp\/v2\/pages"}],"about":[{"href":"https:\/\/accueillette.fr\/index.php\/wp-json\/wp\/v2\/types\/page"}],"author":[{"embeddable":true,"href":"https:\/\/accueillette.fr\/index.php\/wp-json\/wp\/v2\/users\/1"}],"replies":[{"embeddable":true,"href":"https:\/\/accueillette.fr\/index.php\/wp-json\/wp\/v2\/comments?post=397"}],"version-history":[{"count":19,"href":"https:\/\/accueillette.fr\/index.php\/wp-json\/wp\/v2\/pages\/397\/revisions"}],"predecessor-version":[{"id":1009,"href":"https:\/\/accueillette.fr\/index.php\/wp-json\/wp\/v2\/pages\/397\/revisions\/1009"}],"wp:attachment":[{"href":"https:\/\/accueillette.fr\/index.php\/wp-json\/wp\/v2\/media?parent=397"}],"curies":[{"name":"wp","href":"https:\/\/api.w.org\/{rel}","templated":true}]}}